{"id":239,"date":"2023-07-18T16:06:35","date_gmt":"2023-07-18T19:06:35","guid":{"rendered":"https:\/\/diseldistribuidora.com.br\/?post_type=product&#038;p=239"},"modified":"2023-09-14T01:36:20","modified_gmt":"2023-09-14T04:36:20","slug":"lamina-de-aco-transvision","status":"publish","type":"product","link":"https:\/\/diseldistribuidora.com.br\/?product=lamina-de-aco-transvision","title":{"rendered":"L\u00c2MINA DE A\u00c7O TRANSVISION"},"content":{"rendered":"","protected":false},"excerpt":{"rendered":"<div class=\"box-desc\">\n<p><strong>PRATICIDADE, ALTA QUALIDADE E DURABILIDADE!<\/strong><\/p>\n<p>As l\u00e2minas de a\u00e7o para porta de enrolar s\u00e3o conhecidas por serem pr\u00e1ticas e funcionais, sendo uma das preferidas pelos comerciantes. Sua utiliza\u00e7\u00e3o \u00e9 muito comum em pontos comerciais do Brasil devido ao seu \u00f3timo custo-benef\u00edcio e praticidade.<\/p>\n<\/div>\n<div class=\"box-info-tec\">\n<h2 id=\"title-info-tec\">ESPECIFICA\u00c7\u00d5ES T\u00c9CNICAS<\/h2>\n<table>\n<tbody>\n<tr>\n<td>CORES DISPON\u00cdVEIS<\/td>\n<td>ANODIZADO &#8211; BRANCO &#8211; PRETO<\/td>\n<\/tr>\n<tr>\n<td>MATERIAL<\/td>\n<td>A\u00c7O<\/td>\n<\/tr>\n<tr>\n<td>MODELO<\/td>\n<td>TRANSVISION<\/td>\n<\/tr>\n<\/tbody>\n<\/table>\n<\/div>\n","protected":false},"featured_media":240,"template":"","meta":[],"product_brand":[],"product_cat":[42,31],"product_tag":[],"class_list":{"0":"post-239","1":"product","2":"type-product","3":"status-publish","4":"has-post-thumbnail","6":"product_cat-outros","7":"product_cat-pecas-acessorios","9":"first","10":"instock","11":"shipping-taxable","12":"product-type-simple"},"yoast_head":"<!-- This site is optimized with the Yoast SEO plugin v26.7 - https:\/\/yoast.com\/wordpress\/plugins\/seo\/ -->\n<title>L\u00c2MINA DE A\u00c7O TRANSVISION - Disel Distribuidora<\/title>\n<meta name=\"robots\" content=\"index, follow, max-snippet:-1, max-image-preview:large, max-video-preview:-1\" \/>\n<link rel=\"canonical\" href=\"https:\/\/diseldistribuidora.com.br\/?product=lamina-de-aco-transvision\" \/>\n<meta property=\"og:locale\" content=\"pt_BR\" \/>\n<meta property=\"og:type\" content=\"article\" \/>\n<meta property=\"og:title\" content=\"L\u00c2MINA DE A\u00c7O TRANSVISION - Disel Distribuidora\" \/>\n<meta property=\"og:description\" content=\"PRATICIDADE, ALTA QUALIDADE E DURABILIDADE!  As l\u00e2minas de a\u00e7o para porta de enrolar s\u00e3o conhecidas por serem pr\u00e1ticas e funcionais, sendo uma das preferidas pelos comerciantes. Sua utiliza\u00e7\u00e3o \u00e9 muito comum em pontos comerciais do Brasil devido ao seu \u00f3timo custo-benef\u00edcio e praticidade.    ESPECIFICA\u00c7\u00d5ES T\u00c9CNICAS    CORES DISPON\u00cdVEIS ANODIZADO - BRANCO - PRETO   MATERIAL A\u00c7O   MODELO TRANSVISION\" \/>\n<meta property=\"og:url\" content=\"https:\/\/diseldistribuidora.com.br\/?product=lamina-de-aco-transvision\" \/>\n<meta property=\"og:site_name\" content=\"Disel Distribuidora\" \/>\n<meta property=\"article:modified_time\" content=\"2023-09-14T04:36:20+00:00\" \/>\n<meta property=\"og:image\" content=\"https:\/\/diseldistribuidora.com.br\/wp-content\/uploads\/2023\/07\/lamina-de-aco-transvision-1.png\" \/>\n\t<meta property=\"og:image:width\" content=\"300\" \/>\n\t<meta property=\"og:image:height\" content=\"300\" \/>\n\t<meta property=\"og:image:type\" content=\"image\/png\" \/>\n<meta name=\"twitter:card\" content=\"summary_large_image\" \/>\n<script type=\"application\/ld+json\" class=\"yoast-schema-graph\">{\"@context\":\"https:\/\/schema.org\",\"@graph\":[{\"@type\":\"WebPage\",\"@id\":\"https:\/\/diseldistribuidora.com.br\/?product=lamina-de-aco-transvision\",\"url\":\"https:\/\/diseldistribuidora.com.br\/?product=lamina-de-aco-transvision\",\"name\":\"L\u00c2MINA DE A\u00c7O TRANSVISION - Disel Distribuidora\",\"isPartOf\":{\"@id\":\"https:\/\/diseldistribuidora.com.br\/#website\"},\"primaryImageOfPage\":{\"@id\":\"https:\/\/diseldistribuidora.com.br\/?product=lamina-de-aco-transvision#primaryimage\"},\"image\":{\"@id\":\"https:\/\/diseldistribuidora.com.br\/?product=lamina-de-aco-transvision#primaryimage\"},\"thumbnailUrl\":\"https:\/\/diseldistribuidora.com.br\/wp-content\/uploads\/2023\/07\/lamina-de-aco-transvision-1.png\",\"datePublished\":\"2023-07-18T19:06:35+00:00\",\"dateModified\":\"2023-09-14T04:36:20+00:00\",\"breadcrumb\":{\"@id\":\"https:\/\/diseldistribuidora.com.br\/?product=lamina-de-aco-transvision#breadcrumb\"},\"inLanguage\":\"pt-BR\",\"potentialAction\":[{\"@type\":\"ReadAction\",\"target\":[\"https:\/\/diseldistribuidora.com.br\/?product=lamina-de-aco-transvision\"]}]},{\"@type\":\"ImageObject\",\"inLanguage\":\"pt-BR\",\"@id\":\"https:\/\/diseldistribuidora.com.br\/?product=lamina-de-aco-transvision#primaryimage\",\"url\":\"https:\/\/diseldistribuidora.com.br\/wp-content\/uploads\/2023\/07\/lamina-de-aco-transvision-1.png\",\"contentUrl\":\"https:\/\/diseldistribuidora.com.br\/wp-content\/uploads\/2023\/07\/lamina-de-aco-transvision-1.png\",\"width\":300,\"height\":300},{\"@type\":\"BreadcrumbList\",\"@id\":\"https:\/\/diseldistribuidora.com.br\/?product=lamina-de-aco-transvision#breadcrumb\",\"itemListElement\":[{\"@type\":\"ListItem\",\"position\":1,\"name\":\"In\u00edcio\",\"item\":\"https:\/\/diseldistribuidora.com.br\/\"},{\"@type\":\"ListItem\",\"position\":2,\"name\":\"Loja\",\"item\":\"https:\/\/diseldistribuidora.com.br\/?page_id=51\"},{\"@type\":\"ListItem\",\"position\":3,\"name\":\"L\u00c2MINA DE A\u00c7O TRANSVISION\"}]},{\"@type\":\"WebSite\",\"@id\":\"https:\/\/diseldistribuidora.com.br\/#website\",\"url\":\"https:\/\/diseldistribuidora.com.br\/\",\"name\":\"Disel Distribuidora\",\"description\":\"Como distribuidores l\u00edderes, colaboramos com as principais marcas do mercado para oferecer produtos de qualidade, garantindo a confiabilidade e a durabilidade de cada equipamento. Nossa matriz est\u00e1 estrategicamente localizada para atender \u00e0s necessidades de clientes de Rio Verge-GO e regi\u00e3o, mas temos unidades em Uberl\u00e2ndia-MG e Uberaba-MG.\",\"publisher\":{\"@id\":\"https:\/\/diseldistribuidora.com.br\/#organization\"},\"potentialAction\":[{\"@type\":\"SearchAction\",\"target\":{\"@type\":\"EntryPoint\",\"urlTemplate\":\"https:\/\/diseldistribuidora.com.br\/?s={search_term_string}\"},\"query-input\":{\"@type\":\"PropertyValueSpecification\",\"valueRequired\":true,\"valueName\":\"search_term_string\"}}],\"inLanguage\":\"pt-BR\"},{\"@type\":\"Organization\",\"@id\":\"https:\/\/diseldistribuidora.com.br\/#organization\",\"name\":\"Disel Distribuidora\",\"url\":\"https:\/\/diseldistribuidora.com.br\/\",\"logo\":{\"@type\":\"ImageObject\",\"inLanguage\":\"pt-BR\",\"@id\":\"https:\/\/diseldistribuidora.com.br\/#\/schema\/logo\/image\/\",\"url\":\"https:\/\/diseldistribuidora.com.br\/wp-content\/uploads\/2023\/06\/DISEL-DISTRIBUIDORA-PRODUTOS-SEGURANCA-ELETRONICA.png\",\"contentUrl\":\"https:\/\/diseldistribuidora.com.br\/wp-content\/uploads\/2023\/06\/DISEL-DISTRIBUIDORA-PRODUTOS-SEGURANCA-ELETRONICA.png\",\"width\":800,\"height\":530,\"caption\":\"Disel Distribuidora\"},\"image\":{\"@id\":\"https:\/\/diseldistribuidora.com.br\/#\/schema\/logo\/image\/\"}}]}<\/script>\n<!-- \/ Yoast SEO plugin. -->","yoast_head_json":{"title":"L\u00c2MINA DE A\u00c7O TRANSVISION - Disel Distribuidora","robots":{"index":"index","follow":"follow","max-snippet":"max-snippet:-1","max-image-preview":"max-image-preview:large","max-video-preview":"max-video-preview:-1"},"canonical":"https:\/\/diseldistribuidora.com.br\/?product=lamina-de-aco-transvision","og_locale":"pt_BR","og_type":"article","og_title":"L\u00c2MINA DE A\u00c7O TRANSVISION - Disel Distribuidora","og_description":"PRATICIDADE, ALTA QUALIDADE E DURABILIDADE!  As l\u00e2minas de a\u00e7o para porta de enrolar s\u00e3o conhecidas por serem pr\u00e1ticas e funcionais, sendo uma das preferidas pelos comerciantes. Sua utiliza\u00e7\u00e3o \u00e9 muito comum em pontos comerciais do Brasil devido ao seu \u00f3timo custo-benef\u00edcio e praticidade.    ESPECIFICA\u00c7\u00d5ES T\u00c9CNICAS    CORES DISPON\u00cdVEIS ANODIZADO - BRANCO - PRETO   MATERIAL A\u00c7O   MODELO TRANSVISION","og_url":"https:\/\/diseldistribuidora.com.br\/?product=lamina-de-aco-transvision","og_site_name":"Disel Distribuidora","article_modified_time":"2023-09-14T04:36:20+00:00","og_image":[{"width":300,"height":300,"url":"https:\/\/diseldistribuidora.com.br\/wp-content\/uploads\/2023\/07\/lamina-de-aco-transvision-1.png","type":"image\/png"}],"twitter_card":"summary_large_image","schema":{"@context":"https:\/\/schema.org","@graph":[{"@type":"WebPage","@id":"https:\/\/diseldistribuidora.com.br\/?product=lamina-de-aco-transvision","url":"https:\/\/diseldistribuidora.com.br\/?product=lamina-de-aco-transvision","name":"L\u00c2MINA DE A\u00c7O TRANSVISION - Disel Distribuidora","isPartOf":{"@id":"https:\/\/diseldistribuidora.com.br\/#website"},"primaryImageOfPage":{"@id":"https:\/\/diseldistribuidora.com.br\/?product=lamina-de-aco-transvision#primaryimage"},"image":{"@id":"https:\/\/diseldistribuidora.com.br\/?product=lamina-de-aco-transvision#primaryimage"},"thumbnailUrl":"https:\/\/diseldistribuidora.com.br\/wp-content\/uploads\/2023\/07\/lamina-de-aco-transvision-1.png","datePublished":"2023-07-18T19:06:35+00:00","dateModified":"2023-09-14T04:36:20+00:00","breadcrumb":{"@id":"https:\/\/diseldistribuidora.com.br\/?product=lamina-de-aco-transvision#breadcrumb"},"inLanguage":"pt-BR","potentialAction":[{"@type":"ReadAction","target":["https:\/\/diseldistribuidora.com.br\/?product=lamina-de-aco-transvision"]}]},{"@type":"ImageObject","inLanguage":"pt-BR","@id":"https:\/\/diseldistribuidora.com.br\/?product=lamina-de-aco-transvision#primaryimage","url":"https:\/\/diseldistribuidora.com.br\/wp-content\/uploads\/2023\/07\/lamina-de-aco-transvision-1.png","contentUrl":"https:\/\/diseldistribuidora.com.br\/wp-content\/uploads\/2023\/07\/lamina-de-aco-transvision-1.png","width":300,"height":300},{"@type":"BreadcrumbList","@id":"https:\/\/diseldistribuidora.com.br\/?product=lamina-de-aco-transvision#breadcrumb","itemListElement":[{"@type":"ListItem","position":1,"name":"In\u00edcio","item":"https:\/\/diseldistribuidora.com.br\/"},{"@type":"ListItem","position":2,"name":"Loja","item":"https:\/\/diseldistribuidora.com.br\/?page_id=51"},{"@type":"ListItem","position":3,"name":"L\u00c2MINA DE A\u00c7O TRANSVISION"}]},{"@type":"WebSite","@id":"https:\/\/diseldistribuidora.com.br\/#website","url":"https:\/\/diseldistribuidora.com.br\/","name":"Disel Distribuidora","description":"Como distribuidores l\u00edderes, colaboramos com as principais marcas do mercado para oferecer produtos de qualidade, garantindo a confiabilidade e a durabilidade de cada equipamento. Nossa matriz est\u00e1 estrategicamente localizada para atender \u00e0s necessidades de clientes de Rio Verge-GO e regi\u00e3o, mas temos unidades em Uberl\u00e2ndia-MG e Uberaba-MG.","publisher":{"@id":"https:\/\/diseldistribuidora.com.br\/#organization"},"potentialAction":[{"@type":"SearchAction","target":{"@type":"EntryPoint","urlTemplate":"https:\/\/diseldistribuidora.com.br\/?s={search_term_string}"},"query-input":{"@type":"PropertyValueSpecification","valueRequired":true,"valueName":"search_term_string"}}],"inLanguage":"pt-BR"},{"@type":"Organization","@id":"https:\/\/diseldistribuidora.com.br\/#organization","name":"Disel Distribuidora","url":"https:\/\/diseldistribuidora.com.br\/","logo":{"@type":"ImageObject","inLanguage":"pt-BR","@id":"https:\/\/diseldistribuidora.com.br\/#\/schema\/logo\/image\/","url":"https:\/\/diseldistribuidora.com.br\/wp-content\/uploads\/2023\/06\/DISEL-DISTRIBUIDORA-PRODUTOS-SEGURANCA-ELETRONICA.png","contentUrl":"https:\/\/diseldistribuidora.com.br\/wp-content\/uploads\/2023\/06\/DISEL-DISTRIBUIDORA-PRODUTOS-SEGURANCA-ELETRONICA.png","width":800,"height":530,"caption":"Disel Distribuidora"},"image":{"@id":"https:\/\/diseldistribuidora.com.br\/#\/schema\/logo\/image\/"}}]}},"_links":{"self":[{"href":"https:\/\/diseldistribuidora.com.br\/index.php?rest_route=\/wp\/v2\/product\/239","targetHints":{"allow":["GET"]}}],"collection":[{"href":"https:\/\/diseldistribuidora.com.br\/index.php?rest_route=\/wp\/v2\/product"}],"about":[{"href":"https:\/\/diseldistribuidora.com.br\/index.php?rest_route=\/wp\/v2\/types\/product"}],"wp:featuredmedia":[{"embeddable":true,"href":"https:\/\/diseldistribuidora.com.br\/index.php?rest_route=\/wp\/v2\/media\/240"}],"wp:attachment":[{"href":"https:\/\/diseldistribuidora.com.br\/index.php?rest_route=%2Fwp%2Fv2%2Fmedia&parent=239"}],"wp:term":[{"taxonomy":"product_brand","embeddable":true,"href":"https:\/\/diseldistribuidora.com.br\/index.php?rest_route=%2Fwp%2Fv2%2Fproduct_brand&post=239"},{"taxonomy":"product_cat","embeddable":true,"href":"https:\/\/diseldistribuidora.com.br\/index.php?rest_route=%2Fwp%2Fv2%2Fproduct_cat&post=239"},{"taxonomy":"product_tag","embeddable":true,"href":"https:\/\/diseldistribuidora.com.br\/index.php?rest_route=%2Fwp%2Fv2%2Fproduct_tag&post=239"}],"curies":[{"name":"wp","href":"https:\/\/api.w.org\/{rel}","templated":true}]}}