{"id":336,"date":"2023-07-19T00:52:05","date_gmt":"2023-07-19T03:52:05","guid":{"rendered":"https:\/\/diseldistribuidora.com.br\/?post_type=product&#038;p=336"},"modified":"2023-09-14T01:20:54","modified_gmt":"2023-09-14T04:20:54","slug":"pilhas-zinco-aaa","status":"publish","type":"product","link":"https:\/\/diseldistribuidora.com.br\/?product=pilhas-zinco-aaa","title":{"rendered":"Pilhas Zinco AAA"},"content":{"rendered":"","protected":false},"excerpt":{"rendered":"<div id=\"divEspecificacoes\" class=\"col-md-4\">\n<h2 class=\"fontPrincipal fontTitulo fontLight\">ESPECIFICA\u00c7\u00d5ES T\u00c9CNICAS<\/h2>\n<hr class=\"marginTitulo\" \/>\n<div>\n<div>\n<h3 class=\"fontPrincipal fontEspecificacao fontRegular m-0\">Nome do produto<\/h3>\n<\/div>\n<div class=\"marginEspecificacao\">\n<p class=\"fontPrincipal fontEspecificacao fontLight m-0\">Pilhas Zinco AAA<\/p>\n<\/div>\n<\/div>\n<div class=\"ng-star-inserted\">\n<div>\n<h3 class=\"fontPrincipal fontEspecificacao fontRegular m-0\">Peso (Produto) kg<\/h3>\n<\/div>\n<div class=\"marginEspecificacao\">\n<p class=\"fontPrincipal fontEspecificacao fontLight m-0\">0,014 kg<\/p>\n<\/div>\n<\/div>\n<div class=\"ng-star-inserted\">\n<div>\n<h3 class=\"fontPrincipal fontEspecificacao fontRegular m-0\">Voltagem<\/h3>\n<\/div>\n<div class=\"marginEspecificacao\">\n<p class=\"fontPrincipal fontEspecificacao fontLight m-0\">1,5V<\/p>\n<\/div>\n<\/div>\n<div class=\"ng-star-inserted\">\n<div>\n<h3 class=\"fontPrincipal fontEspecificacao fontRegular m-0\">Dimens\u00e3o (Produto)<\/h3>\n<\/div>\n<div class=\"marginEspecificacao\">\n<p class=\"fontPrincipal fontEspecificacao fontLight m-0\">44.3 x 10.0 mm<\/p>\n<\/div>\n<\/div>\n<div class=\"ng-star-inserted\">\n<div>\n<h3 class=\"fontPrincipal fontEspecificacao fontRegular m-0\">Validade<\/h3>\n<\/div>\n<div class=\"marginEspecificacao\">\n<p class=\"fontPrincipal fontEspecificacao fontLight m-0\">3 anos<\/p>\n<\/div>\n<\/div>\n<\/div>\n<div id=\"divCaracteristicas\" class=\"col-md-4\">\n<h2 class=\"fontPrincipal fontTitulo fontLight\">CARACTER\u00cdSTICAS<\/h2>\n<hr class=\"marginTitulo\" \/>\n<div class=\"row align-items-center ng-star-inserted\">\n<div class=\"col-12 col-sm-12 m-b-20\">\n<p class=\"fontPrincipal fontCaracteristica fontLight\">Energy<\/p>\n<\/div>\n<\/div>\n<div class=\"row align-items-center ng-star-inserted\">\n<div class=\"col-12 col-sm-12 m-b-20\">\n<p class=\"fontPrincipal fontCaracteristica fontLight\">Economia<\/p>\n<\/div>\n<\/div>\n<div class=\"row align-items-center ng-star-inserted\">\n<div class=\"col-12 col-sm-12 m-b-20\">\n<p class=\"fontPrincipal fontCaracteristica fontLight\">Alta Dura\u00e7\u00e3o<\/p>\n<\/div>\n<\/div>\n<\/div>\n","protected":false},"featured_media":337,"template":"","meta":[],"product_brand":[],"product_cat":[39],"product_tag":[],"class_list":{"0":"post-336","1":"product","2":"type-product","3":"status-publish","4":"has-post-thumbnail","6":"product_cat-baterias","8":"first","9":"instock","10":"shipping-taxable","11":"product-type-simple"},"yoast_head":"<!-- This site is optimized with the Yoast SEO plugin v26.7 - https:\/\/yoast.com\/wordpress\/plugins\/seo\/ -->\n<title>Pilhas Zinco AAA - Disel Distribuidora<\/title>\n<meta name=\"robots\" content=\"index, follow, max-snippet:-1, max-image-preview:large, max-video-preview:-1\" \/>\n<link rel=\"canonical\" href=\"https:\/\/diseldistribuidora.com.br\/?product=pilhas-zinco-aaa\" \/>\n<meta property=\"og:locale\" content=\"pt_BR\" \/>\n<meta property=\"og:type\" content=\"article\" \/>\n<meta property=\"og:title\" content=\"Pilhas Zinco AAA - Disel Distribuidora\" \/>\n<meta property=\"og:description\" content=\"ESPECIFICA\u00c7\u00d5ES T\u00c9CNICAS      Nome do produto   Pilhas Zinco AAA      Peso (Produto) kg   0,014 kg      Voltagem   1,5V      Dimens\u00e3o (Produto)   44.3 x 10.0 mm      Validade   3 anos      CARACTER\u00cdSTICAS      Energy      Economia      Alta Dura\u00e7\u00e3o\" \/>\n<meta property=\"og:url\" content=\"https:\/\/diseldistribuidora.com.br\/?product=pilhas-zinco-aaa\" \/>\n<meta property=\"og:site_name\" content=\"Disel Distribuidora\" \/>\n<meta property=\"article:modified_time\" content=\"2023-09-14T04:20:54+00:00\" \/>\n<meta property=\"og:image\" content=\"https:\/\/diseldistribuidora.com.br\/wp-content\/uploads\/2023\/07\/pilhaaaa.png\" \/>\n\t<meta property=\"og:image:width\" content=\"433\" \/>\n\t<meta property=\"og:image:height\" content=\"674\" \/>\n\t<meta property=\"og:image:type\" content=\"image\/png\" \/>\n<meta name=\"twitter:card\" content=\"summary_large_image\" \/>\n<script type=\"application\/ld+json\" class=\"yoast-schema-graph\">{\"@context\":\"https:\/\/schema.org\",\"@graph\":[{\"@type\":\"WebPage\",\"@id\":\"https:\/\/diseldistribuidora.com.br\/?product=pilhas-zinco-aaa\",\"url\":\"https:\/\/diseldistribuidora.com.br\/?product=pilhas-zinco-aaa\",\"name\":\"Pilhas Zinco AAA - Disel Distribuidora\",\"isPartOf\":{\"@id\":\"https:\/\/diseldistribuidora.com.br\/#website\"},\"primaryImageOfPage\":{\"@id\":\"https:\/\/diseldistribuidora.com.br\/?product=pilhas-zinco-aaa#primaryimage\"},\"image\":{\"@id\":\"https:\/\/diseldistribuidora.com.br\/?product=pilhas-zinco-aaa#primaryimage\"},\"thumbnailUrl\":\"https:\/\/diseldistribuidora.com.br\/wp-content\/uploads\/2023\/07\/pilhaaaa.png\",\"datePublished\":\"2023-07-19T03:52:05+00:00\",\"dateModified\":\"2023-09-14T04:20:54+00:00\",\"breadcrumb\":{\"@id\":\"https:\/\/diseldistribuidora.com.br\/?product=pilhas-zinco-aaa#breadcrumb\"},\"inLanguage\":\"pt-BR\",\"potentialAction\":[{\"@type\":\"ReadAction\",\"target\":[\"https:\/\/diseldistribuidora.com.br\/?product=pilhas-zinco-aaa\"]}]},{\"@type\":\"ImageObject\",\"inLanguage\":\"pt-BR\",\"@id\":\"https:\/\/diseldistribuidora.com.br\/?product=pilhas-zinco-aaa#primaryimage\",\"url\":\"https:\/\/diseldistribuidora.com.br\/wp-content\/uploads\/2023\/07\/pilhaaaa.png\",\"contentUrl\":\"https:\/\/diseldistribuidora.com.br\/wp-content\/uploads\/2023\/07\/pilhaaaa.png\",\"width\":433,\"height\":674},{\"@type\":\"BreadcrumbList\",\"@id\":\"https:\/\/diseldistribuidora.com.br\/?product=pilhas-zinco-aaa#breadcrumb\",\"itemListElement\":[{\"@type\":\"ListItem\",\"position\":1,\"name\":\"In\u00edcio\",\"item\":\"https:\/\/diseldistribuidora.com.br\/\"},{\"@type\":\"ListItem\",\"position\":2,\"name\":\"Loja\",\"item\":\"https:\/\/diseldistribuidora.com.br\/?page_id=51\"},{\"@type\":\"ListItem\",\"position\":3,\"name\":\"Pilhas Zinco AAA\"}]},{\"@type\":\"WebSite\",\"@id\":\"https:\/\/diseldistribuidora.com.br\/#website\",\"url\":\"https:\/\/diseldistribuidora.com.br\/\",\"name\":\"Disel Distribuidora\",\"description\":\"Como distribuidores l\u00edderes, colaboramos com as principais marcas do mercado para oferecer produtos de qualidade, garantindo a confiabilidade e a durabilidade de cada equipamento. Nossa matriz est\u00e1 estrategicamente localizada para atender \u00e0s necessidades de clientes de Rio Verge-GO e regi\u00e3o, mas temos unidades em Uberl\u00e2ndia-MG e Uberaba-MG.\",\"publisher\":{\"@id\":\"https:\/\/diseldistribuidora.com.br\/#organization\"},\"potentialAction\":[{\"@type\":\"SearchAction\",\"target\":{\"@type\":\"EntryPoint\",\"urlTemplate\":\"https:\/\/diseldistribuidora.com.br\/?s={search_term_string}\"},\"query-input\":{\"@type\":\"PropertyValueSpecification\",\"valueRequired\":true,\"valueName\":\"search_term_string\"}}],\"inLanguage\":\"pt-BR\"},{\"@type\":\"Organization\",\"@id\":\"https:\/\/diseldistribuidora.com.br\/#organization\",\"name\":\"Disel Distribuidora\",\"url\":\"https:\/\/diseldistribuidora.com.br\/\",\"logo\":{\"@type\":\"ImageObject\",\"inLanguage\":\"pt-BR\",\"@id\":\"https:\/\/diseldistribuidora.com.br\/#\/schema\/logo\/image\/\",\"url\":\"https:\/\/diseldistribuidora.com.br\/wp-content\/uploads\/2023\/06\/DISEL-DISTRIBUIDORA-PRODUTOS-SEGURANCA-ELETRONICA.png\",\"contentUrl\":\"https:\/\/diseldistribuidora.com.br\/wp-content\/uploads\/2023\/06\/DISEL-DISTRIBUIDORA-PRODUTOS-SEGURANCA-ELETRONICA.png\",\"width\":800,\"height\":530,\"caption\":\"Disel Distribuidora\"},\"image\":{\"@id\":\"https:\/\/diseldistribuidora.com.br\/#\/schema\/logo\/image\/\"}}]}<\/script>\n<!-- \/ Yoast SEO plugin. -->","yoast_head_json":{"title":"Pilhas Zinco AAA - Disel Distribuidora","robots":{"index":"index","follow":"follow","max-snippet":"max-snippet:-1","max-image-preview":"max-image-preview:large","max-video-preview":"max-video-preview:-1"},"canonical":"https:\/\/diseldistribuidora.com.br\/?product=pilhas-zinco-aaa","og_locale":"pt_BR","og_type":"article","og_title":"Pilhas Zinco AAA - Disel Distribuidora","og_description":"ESPECIFICA\u00c7\u00d5ES T\u00c9CNICAS      Nome do produto   Pilhas Zinco AAA      Peso (Produto) kg   0,014 kg      Voltagem   1,5V      Dimens\u00e3o (Produto)   44.3 x 10.0 mm      Validade   3 anos      CARACTER\u00cdSTICAS      Energy      Economia      Alta Dura\u00e7\u00e3o","og_url":"https:\/\/diseldistribuidora.com.br\/?product=pilhas-zinco-aaa","og_site_name":"Disel Distribuidora","article_modified_time":"2023-09-14T04:20:54+00:00","og_image":[{"width":433,"height":674,"url":"https:\/\/diseldistribuidora.com.br\/wp-content\/uploads\/2023\/07\/pilhaaaa.png","type":"image\/png"}],"twitter_card":"summary_large_image","schema":{"@context":"https:\/\/schema.org","@graph":[{"@type":"WebPage","@id":"https:\/\/diseldistribuidora.com.br\/?product=pilhas-zinco-aaa","url":"https:\/\/diseldistribuidora.com.br\/?product=pilhas-zinco-aaa","name":"Pilhas Zinco AAA - Disel Distribuidora","isPartOf":{"@id":"https:\/\/diseldistribuidora.com.br\/#website"},"primaryImageOfPage":{"@id":"https:\/\/diseldistribuidora.com.br\/?product=pilhas-zinco-aaa#primaryimage"},"image":{"@id":"https:\/\/diseldistribuidora.com.br\/?product=pilhas-zinco-aaa#primaryimage"},"thumbnailUrl":"https:\/\/diseldistribuidora.com.br\/wp-content\/uploads\/2023\/07\/pilhaaaa.png","datePublished":"2023-07-19T03:52:05+00:00","dateModified":"2023-09-14T04:20:54+00:00","breadcrumb":{"@id":"https:\/\/diseldistribuidora.com.br\/?product=pilhas-zinco-aaa#breadcrumb"},"inLanguage":"pt-BR","potentialAction":[{"@type":"ReadAction","target":["https:\/\/diseldistribuidora.com.br\/?product=pilhas-zinco-aaa"]}]},{"@type":"ImageObject","inLanguage":"pt-BR","@id":"https:\/\/diseldistribuidora.com.br\/?product=pilhas-zinco-aaa#primaryimage","url":"https:\/\/diseldistribuidora.com.br\/wp-content\/uploads\/2023\/07\/pilhaaaa.png","contentUrl":"https:\/\/diseldistribuidora.com.br\/wp-content\/uploads\/2023\/07\/pilhaaaa.png","width":433,"height":674},{"@type":"BreadcrumbList","@id":"https:\/\/diseldistribuidora.com.br\/?product=pilhas-zinco-aaa#breadcrumb","itemListElement":[{"@type":"ListItem","position":1,"name":"In\u00edcio","item":"https:\/\/diseldistribuidora.com.br\/"},{"@type":"ListItem","position":2,"name":"Loja","item":"https:\/\/diseldistribuidora.com.br\/?page_id=51"},{"@type":"ListItem","position":3,"name":"Pilhas Zinco AAA"}]},{"@type":"WebSite","@id":"https:\/\/diseldistribuidora.com.br\/#website","url":"https:\/\/diseldistribuidora.com.br\/","name":"Disel Distribuidora","description":"Como distribuidores l\u00edderes, colaboramos com as principais marcas do mercado para oferecer produtos de qualidade, garantindo a confiabilidade e a durabilidade de cada equipamento. Nossa matriz est\u00e1 estrategicamente localizada para atender \u00e0s necessidades de clientes de Rio Verge-GO e regi\u00e3o, mas temos unidades em Uberl\u00e2ndia-MG e Uberaba-MG.","publisher":{"@id":"https:\/\/diseldistribuidora.com.br\/#organization"},"potentialAction":[{"@type":"SearchAction","target":{"@type":"EntryPoint","urlTemplate":"https:\/\/diseldistribuidora.com.br\/?s={search_term_string}"},"query-input":{"@type":"PropertyValueSpecification","valueRequired":true,"valueName":"search_term_string"}}],"inLanguage":"pt-BR"},{"@type":"Organization","@id":"https:\/\/diseldistribuidora.com.br\/#organization","name":"Disel Distribuidora","url":"https:\/\/diseldistribuidora.com.br\/","logo":{"@type":"ImageObject","inLanguage":"pt-BR","@id":"https:\/\/diseldistribuidora.com.br\/#\/schema\/logo\/image\/","url":"https:\/\/diseldistribuidora.com.br\/wp-content\/uploads\/2023\/06\/DISEL-DISTRIBUIDORA-PRODUTOS-SEGURANCA-ELETRONICA.png","contentUrl":"https:\/\/diseldistribuidora.com.br\/wp-content\/uploads\/2023\/06\/DISEL-DISTRIBUIDORA-PRODUTOS-SEGURANCA-ELETRONICA.png","width":800,"height":530,"caption":"Disel Distribuidora"},"image":{"@id":"https:\/\/diseldistribuidora.com.br\/#\/schema\/logo\/image\/"}}]}},"_links":{"self":[{"href":"https:\/\/diseldistribuidora.com.br\/index.php?rest_route=\/wp\/v2\/product\/336","targetHints":{"allow":["GET"]}}],"collection":[{"href":"https:\/\/diseldistribuidora.com.br\/index.php?rest_route=\/wp\/v2\/product"}],"about":[{"href":"https:\/\/diseldistribuidora.com.br\/index.php?rest_route=\/wp\/v2\/types\/product"}],"wp:featuredmedia":[{"embeddable":true,"href":"https:\/\/diseldistribuidora.com.br\/index.php?rest_route=\/wp\/v2\/media\/337"}],"wp:attachment":[{"href":"https:\/\/diseldistribuidora.com.br\/index.php?rest_route=%2Fwp%2Fv2%2Fmedia&parent=336"}],"wp:term":[{"taxonomy":"product_brand","embeddable":true,"href":"https:\/\/diseldistribuidora.com.br\/index.php?rest_route=%2Fwp%2Fv2%2Fproduct_brand&post=336"},{"taxonomy":"product_cat","embeddable":true,"href":"https:\/\/diseldistribuidora.com.br\/index.php?rest_route=%2Fwp%2Fv2%2Fproduct_cat&post=336"},{"taxonomy":"product_tag","embeddable":true,"href":"https:\/\/diseldistribuidora.com.br\/index.php?rest_route=%2Fwp%2Fv2%2Fproduct_tag&post=336"}],"curies":[{"name":"wp","href":"https:\/\/api.w.org\/{rel}","templated":true}]}}