{"id":359,"date":"2023-07-19T01:08:10","date_gmt":"2023-07-19T04:08:10","guid":{"rendered":"https:\/\/diseldistribuidora.com.br\/?post_type=product&#038;p=359"},"modified":"2023-09-14T01:23:24","modified_gmt":"2023-09-14T04:23:24","slug":"fechadura-inox-home-ix60-20mm","status":"publish","type":"product","link":"https:\/\/diseldistribuidora.com.br\/?product=fechadura-inox-home-ix60-20mm","title":{"rendered":"Fechadura Inox Home iX60 (20mm)"},"content":{"rendered":"","protected":false},"excerpt":{"rendered":"<section class=\"mt-5\">\n<article class=\"mb-4\">\n<h3 class=\"side-titulo-tabela\">Informa\u00e7\u00f5es do produto<\/h3>\n<\/article>\n<div class=\"mb-3\"><a class=\"btn-tab-table active\" data-target=\"#attr-16453\">Atributos<\/a><\/div>\n<\/section>\n<table id=\"attr-16453\" class=\"table table-tabs table-striped\">\n<tbody>\n<tr class=\"woocommerce-product-attributes-item woocommerce-product-attributes-item--\">\n<th class=\"woocommerce-product-attributes-item__label\">Indica\u00e7\u00e3o de uso<\/th>\n<th class=\"woocommerce-product-attributes-item__label\">Portas de madeira<\/th>\n<\/tr>\n<tr class=\"woocommerce-product-attributes-item woocommerce-product-attributes-item--\">\n<th class=\"woocommerce-product-attributes-item__label\">M\u00e1quina<\/th>\n<td class=\"woocommerce-product-attributes-item__value\">601<\/td>\n<\/tr>\n<tr class=\"woocommerce-product-attributes-item woocommerce-product-attributes-item--\">\n<th class=\"woocommerce-product-attributes-item__label\">Dist\u00e2ncia de broca<\/th>\n<td class=\"woocommerce-product-attributes-item__value\">20 mm<\/td>\n<\/tr>\n<tr class=\"woocommerce-product-attributes-item woocommerce-product-attributes-item--\">\n<th class=\"woocommerce-product-attributes-item__label\">Frequ\u00eancia de Uso<\/th>\n<td class=\"woocommerce-product-attributes-item__value\">Tr\u00e1fego Intenso<\/td>\n<\/tr>\n<tr class=\"woocommerce-product-attributes-item woocommerce-product-attributes-item--\">\n<th class=\"woocommerce-product-attributes-item__label\">Grau de Seguran\u00e7a<\/th>\n<td class=\"woocommerce-product-attributes-item__value\">M\u00e1xima<\/td>\n<\/tr>\n<tr class=\"woocommerce-product-attributes-item woocommerce-product-attributes-item--\">\n<th class=\"woocommerce-product-attributes-item__label\">Resist\u00eancia \u00e0 corros\u00e3o<\/th>\n<td class=\"woocommerce-product-attributes-item__value\">Grau 4<\/td>\n<\/tr>\n<tr class=\"woocommerce-product-attributes-item woocommerce-product-attributes-item--\">\n<th class=\"woocommerce-product-attributes-item__label\">Acess\u00f3rios<\/th>\n<td class=\"woocommerce-product-attributes-item__value\">Chave, cilindro, ma\u00e7anetas, Espelhos, contra testa<\/td>\n<\/tr>\n<tr class=\"woocommerce-product-attributes-item woocommerce-product-attributes-item--\">\n<th class=\"woocommerce-product-attributes-item__label\">Espelho<\/th>\n<td class=\"woocommerce-product-attributes-item__value\">Inox 304<\/td>\n<\/tr>\n<tr class=\"woocommerce-product-attributes-item woocommerce-product-attributes-item--\">\n<th class=\"woocommerce-product-attributes-item__label\">Ma\u00e7aneta<\/th>\n<td class=\"woocommerce-product-attributes-item__value\">Inox 304<\/td>\n<\/tr>\n<tr class=\"woocommerce-product-attributes-item woocommerce-product-attributes-item--\">\n<th class=\"woocommerce-product-attributes-item__label\">Testa<\/th>\n<td class=\"woocommerce-product-attributes-item__value\">Inox 304<\/td>\n<\/tr>\n<tr class=\"woocommerce-product-attributes-item woocommerce-product-attributes-item--\">\n<th class=\"woocommerce-product-attributes-item__label\">Contra Testa<\/th>\n<td class=\"woocommerce-product-attributes-item__value\">Inox 304<\/td>\n<\/tr>\n<tr class=\"woocommerce-product-attributes-item woocommerce-product-attributes-item--\">\n<th class=\"woocommerce-product-attributes-item__label\">Linha<\/th>\n<td class=\"woocommerce-product-attributes-item__value\">Inox Home<\/td>\n<\/tr>\n<tr class=\"woocommerce-product-attributes-item woocommerce-product-attributes-item--\">\n<th class=\"woocommerce-product-attributes-item__label\">Embalagem<\/th>\n<td class=\"woocommerce-product-attributes-item__value\">Caixa<\/td>\n<\/tr>\n<tr class=\"woocommerce-product-attributes-item woocommerce-product-attributes-item--\">\n<th class=\"woocommerce-product-attributes-item__label\">Garantia<\/th>\n<td class=\"woocommerce-product-attributes-item__value\">10 anos contra defeitos de fabrica\u00e7\u00e3o<\/td>\n<\/tr>\n<\/tbody>\n<\/table>\n","protected":false},"featured_media":362,"template":"","meta":[],"product_brand":[],"product_cat":[43],"product_tag":[],"class_list":{"0":"post-359","1":"product","2":"type-product","3":"status-publish","4":"has-post-thumbnail","6":"product_cat-fechaduras-2","8":"first","9":"instock","10":"shipping-taxable","11":"product-type-simple"},"yoast_head":"<!-- This site is optimized with the Yoast SEO plugin v26.7 - https:\/\/yoast.com\/wordpress\/plugins\/seo\/ -->\n<title>Fechadura Inox Home iX60 (20mm) - Disel Distribuidora<\/title>\n<meta name=\"robots\" content=\"index, follow, max-snippet:-1, max-image-preview:large, max-video-preview:-1\" \/>\n<link rel=\"canonical\" href=\"https:\/\/diseldistribuidora.com.br\/?product=fechadura-inox-home-ix60-20mm\" \/>\n<meta property=\"og:locale\" content=\"pt_BR\" \/>\n<meta property=\"og:type\" content=\"article\" \/>\n<meta property=\"og:title\" content=\"Fechadura Inox Home iX60 (20mm) - Disel Distribuidora\" \/>\n<meta property=\"og:description\" content=\"Informa\u00e7\u00f5es do produto  Atributos     Indica\u00e7\u00e3o de uso Portas de madeira   M\u00e1quina 601   Dist\u00e2ncia de broca 20 mm   Frequ\u00eancia de Uso Tr\u00e1fego Intenso   Grau de Seguran\u00e7a M\u00e1xima   Resist\u00eancia \u00e0 corros\u00e3o Grau 4   Acess\u00f3rios Chave, cilindro, ma\u00e7anetas, Espelhos, contra testa   Espelho Inox 304   Ma\u00e7aneta Inox 304   Testa Inox 304   Contra Testa Inox 304   Linha Inox Home   Embalagem Caixa   Garantia 10 anos contra defeitos de fabrica\u00e7\u00e3o\" \/>\n<meta property=\"og:url\" content=\"https:\/\/diseldistribuidora.com.br\/?product=fechadura-inox-home-ix60-20mm\" \/>\n<meta property=\"og:site_name\" content=\"Disel Distribuidora\" \/>\n<meta property=\"article:modified_time\" content=\"2023-09-14T04:23:24+00:00\" \/>\n<meta property=\"og:image\" content=\"https:\/\/diseldistribuidora.com.br\/wp-content\/uploads\/2023\/07\/fechadura-ix-1.png\" \/>\n\t<meta property=\"og:image:width\" content=\"2000\" \/>\n\t<meta property=\"og:image:height\" content=\"2000\" \/>\n\t<meta property=\"og:image:type\" content=\"image\/png\" \/>\n<meta name=\"twitter:card\" content=\"summary_large_image\" \/>\n<script type=\"application\/ld+json\" class=\"yoast-schema-graph\">{\"@context\":\"https:\/\/schema.org\",\"@graph\":[{\"@type\":\"WebPage\",\"@id\":\"https:\/\/diseldistribuidora.com.br\/?product=fechadura-inox-home-ix60-20mm\",\"url\":\"https:\/\/diseldistribuidora.com.br\/?product=fechadura-inox-home-ix60-20mm\",\"name\":\"Fechadura Inox Home iX60 (20mm) - Disel Distribuidora\",\"isPartOf\":{\"@id\":\"https:\/\/diseldistribuidora.com.br\/#website\"},\"primaryImageOfPage\":{\"@id\":\"https:\/\/diseldistribuidora.com.br\/?product=fechadura-inox-home-ix60-20mm#primaryimage\"},\"image\":{\"@id\":\"https:\/\/diseldistribuidora.com.br\/?product=fechadura-inox-home-ix60-20mm#primaryimage\"},\"thumbnailUrl\":\"https:\/\/diseldistribuidora.com.br\/wp-content\/uploads\/2023\/07\/fechadura-ix-1.png\",\"datePublished\":\"2023-07-19T04:08:10+00:00\",\"dateModified\":\"2023-09-14T04:23:24+00:00\",\"breadcrumb\":{\"@id\":\"https:\/\/diseldistribuidora.com.br\/?product=fechadura-inox-home-ix60-20mm#breadcrumb\"},\"inLanguage\":\"pt-BR\",\"potentialAction\":[{\"@type\":\"ReadAction\",\"target\":[\"https:\/\/diseldistribuidora.com.br\/?product=fechadura-inox-home-ix60-20mm\"]}]},{\"@type\":\"ImageObject\",\"inLanguage\":\"pt-BR\",\"@id\":\"https:\/\/diseldistribuidora.com.br\/?product=fechadura-inox-home-ix60-20mm#primaryimage\",\"url\":\"https:\/\/diseldistribuidora.com.br\/wp-content\/uploads\/2023\/07\/fechadura-ix-1.png\",\"contentUrl\":\"https:\/\/diseldistribuidora.com.br\/wp-content\/uploads\/2023\/07\/fechadura-ix-1.png\",\"width\":2000,\"height\":2000},{\"@type\":\"BreadcrumbList\",\"@id\":\"https:\/\/diseldistribuidora.com.br\/?product=fechadura-inox-home-ix60-20mm#breadcrumb\",\"itemListElement\":[{\"@type\":\"ListItem\",\"position\":1,\"name\":\"In\u00edcio\",\"item\":\"https:\/\/diseldistribuidora.com.br\/\"},{\"@type\":\"ListItem\",\"position\":2,\"name\":\"Loja\",\"item\":\"https:\/\/diseldistribuidora.com.br\/?page_id=51\"},{\"@type\":\"ListItem\",\"position\":3,\"name\":\"Fechadura Inox Home iX60 (20mm)\"}]},{\"@type\":\"WebSite\",\"@id\":\"https:\/\/diseldistribuidora.com.br\/#website\",\"url\":\"https:\/\/diseldistribuidora.com.br\/\",\"name\":\"Disel Distribuidora\",\"description\":\"Como distribuidores l\u00edderes, colaboramos com as principais marcas do mercado para oferecer produtos de qualidade, garantindo a confiabilidade e a durabilidade de cada equipamento. Nossa matriz est\u00e1 estrategicamente localizada para atender \u00e0s necessidades de clientes de Rio Verge-GO e regi\u00e3o, mas temos unidades em Uberl\u00e2ndia-MG e Uberaba-MG.\",\"publisher\":{\"@id\":\"https:\/\/diseldistribuidora.com.br\/#organization\"},\"potentialAction\":[{\"@type\":\"SearchAction\",\"target\":{\"@type\":\"EntryPoint\",\"urlTemplate\":\"https:\/\/diseldistribuidora.com.br\/?s={search_term_string}\"},\"query-input\":{\"@type\":\"PropertyValueSpecification\",\"valueRequired\":true,\"valueName\":\"search_term_string\"}}],\"inLanguage\":\"pt-BR\"},{\"@type\":\"Organization\",\"@id\":\"https:\/\/diseldistribuidora.com.br\/#organization\",\"name\":\"Disel Distribuidora\",\"url\":\"https:\/\/diseldistribuidora.com.br\/\",\"logo\":{\"@type\":\"ImageObject\",\"inLanguage\":\"pt-BR\",\"@id\":\"https:\/\/diseldistribuidora.com.br\/#\/schema\/logo\/image\/\",\"url\":\"https:\/\/diseldistribuidora.com.br\/wp-content\/uploads\/2023\/06\/DISEL-DISTRIBUIDORA-PRODUTOS-SEGURANCA-ELETRONICA.png\",\"contentUrl\":\"https:\/\/diseldistribuidora.com.br\/wp-content\/uploads\/2023\/06\/DISEL-DISTRIBUIDORA-PRODUTOS-SEGURANCA-ELETRONICA.png\",\"width\":800,\"height\":530,\"caption\":\"Disel Distribuidora\"},\"image\":{\"@id\":\"https:\/\/diseldistribuidora.com.br\/#\/schema\/logo\/image\/\"}}]}<\/script>\n<!-- \/ Yoast SEO plugin. -->","yoast_head_json":{"title":"Fechadura Inox Home iX60 (20mm) - Disel Distribuidora","robots":{"index":"index","follow":"follow","max-snippet":"max-snippet:-1","max-image-preview":"max-image-preview:large","max-video-preview":"max-video-preview:-1"},"canonical":"https:\/\/diseldistribuidora.com.br\/?product=fechadura-inox-home-ix60-20mm","og_locale":"pt_BR","og_type":"article","og_title":"Fechadura Inox Home iX60 (20mm) - Disel Distribuidora","og_description":"Informa\u00e7\u00f5es do produto  Atributos     Indica\u00e7\u00e3o de uso Portas de madeira   M\u00e1quina 601   Dist\u00e2ncia de broca 20 mm   Frequ\u00eancia de Uso Tr\u00e1fego Intenso   Grau de Seguran\u00e7a M\u00e1xima   Resist\u00eancia \u00e0 corros\u00e3o Grau 4   Acess\u00f3rios Chave, cilindro, ma\u00e7anetas, Espelhos, contra testa   Espelho Inox 304   Ma\u00e7aneta Inox 304   Testa Inox 304   Contra Testa Inox 304   Linha Inox Home   Embalagem Caixa   Garantia 10 anos contra defeitos de fabrica\u00e7\u00e3o","og_url":"https:\/\/diseldistribuidora.com.br\/?product=fechadura-inox-home-ix60-20mm","og_site_name":"Disel Distribuidora","article_modified_time":"2023-09-14T04:23:24+00:00","og_image":[{"width":2000,"height":2000,"url":"https:\/\/diseldistribuidora.com.br\/wp-content\/uploads\/2023\/07\/fechadura-ix-1.png","type":"image\/png"}],"twitter_card":"summary_large_image","schema":{"@context":"https:\/\/schema.org","@graph":[{"@type":"WebPage","@id":"https:\/\/diseldistribuidora.com.br\/?product=fechadura-inox-home-ix60-20mm","url":"https:\/\/diseldistribuidora.com.br\/?product=fechadura-inox-home-ix60-20mm","name":"Fechadura Inox Home iX60 (20mm) - Disel Distribuidora","isPartOf":{"@id":"https:\/\/diseldistribuidora.com.br\/#website"},"primaryImageOfPage":{"@id":"https:\/\/diseldistribuidora.com.br\/?product=fechadura-inox-home-ix60-20mm#primaryimage"},"image":{"@id":"https:\/\/diseldistribuidora.com.br\/?product=fechadura-inox-home-ix60-20mm#primaryimage"},"thumbnailUrl":"https:\/\/diseldistribuidora.com.br\/wp-content\/uploads\/2023\/07\/fechadura-ix-1.png","datePublished":"2023-07-19T04:08:10+00:00","dateModified":"2023-09-14T04:23:24+00:00","breadcrumb":{"@id":"https:\/\/diseldistribuidora.com.br\/?product=fechadura-inox-home-ix60-20mm#breadcrumb"},"inLanguage":"pt-BR","potentialAction":[{"@type":"ReadAction","target":["https:\/\/diseldistribuidora.com.br\/?product=fechadura-inox-home-ix60-20mm"]}]},{"@type":"ImageObject","inLanguage":"pt-BR","@id":"https:\/\/diseldistribuidora.com.br\/?product=fechadura-inox-home-ix60-20mm#primaryimage","url":"https:\/\/diseldistribuidora.com.br\/wp-content\/uploads\/2023\/07\/fechadura-ix-1.png","contentUrl":"https:\/\/diseldistribuidora.com.br\/wp-content\/uploads\/2023\/07\/fechadura-ix-1.png","width":2000,"height":2000},{"@type":"BreadcrumbList","@id":"https:\/\/diseldistribuidora.com.br\/?product=fechadura-inox-home-ix60-20mm#breadcrumb","itemListElement":[{"@type":"ListItem","position":1,"name":"In\u00edcio","item":"https:\/\/diseldistribuidora.com.br\/"},{"@type":"ListItem","position":2,"name":"Loja","item":"https:\/\/diseldistribuidora.com.br\/?page_id=51"},{"@type":"ListItem","position":3,"name":"Fechadura Inox Home iX60 (20mm)"}]},{"@type":"WebSite","@id":"https:\/\/diseldistribuidora.com.br\/#website","url":"https:\/\/diseldistribuidora.com.br\/","name":"Disel Distribuidora","description":"Como distribuidores l\u00edderes, colaboramos com as principais marcas do mercado para oferecer produtos de qualidade, garantindo a confiabilidade e a durabilidade de cada equipamento. Nossa matriz est\u00e1 estrategicamente localizada para atender \u00e0s necessidades de clientes de Rio Verge-GO e regi\u00e3o, mas temos unidades em Uberl\u00e2ndia-MG e Uberaba-MG.","publisher":{"@id":"https:\/\/diseldistribuidora.com.br\/#organization"},"potentialAction":[{"@type":"SearchAction","target":{"@type":"EntryPoint","urlTemplate":"https:\/\/diseldistribuidora.com.br\/?s={search_term_string}"},"query-input":{"@type":"PropertyValueSpecification","valueRequired":true,"valueName":"search_term_string"}}],"inLanguage":"pt-BR"},{"@type":"Organization","@id":"https:\/\/diseldistribuidora.com.br\/#organization","name":"Disel Distribuidora","url":"https:\/\/diseldistribuidora.com.br\/","logo":{"@type":"ImageObject","inLanguage":"pt-BR","@id":"https:\/\/diseldistribuidora.com.br\/#\/schema\/logo\/image\/","url":"https:\/\/diseldistribuidora.com.br\/wp-content\/uploads\/2023\/06\/DISEL-DISTRIBUIDORA-PRODUTOS-SEGURANCA-ELETRONICA.png","contentUrl":"https:\/\/diseldistribuidora.com.br\/wp-content\/uploads\/2023\/06\/DISEL-DISTRIBUIDORA-PRODUTOS-SEGURANCA-ELETRONICA.png","width":800,"height":530,"caption":"Disel Distribuidora"},"image":{"@id":"https:\/\/diseldistribuidora.com.br\/#\/schema\/logo\/image\/"}}]}},"_links":{"self":[{"href":"https:\/\/diseldistribuidora.com.br\/index.php?rest_route=\/wp\/v2\/product\/359","targetHints":{"allow":["GET"]}}],"collection":[{"href":"https:\/\/diseldistribuidora.com.br\/index.php?rest_route=\/wp\/v2\/product"}],"about":[{"href":"https:\/\/diseldistribuidora.com.br\/index.php?rest_route=\/wp\/v2\/types\/product"}],"wp:featuredmedia":[{"embeddable":true,"href":"https:\/\/diseldistribuidora.com.br\/index.php?rest_route=\/wp\/v2\/media\/362"}],"wp:attachment":[{"href":"https:\/\/diseldistribuidora.com.br\/index.php?rest_route=%2Fwp%2Fv2%2Fmedia&parent=359"}],"wp:term":[{"taxonomy":"product_brand","embeddable":true,"href":"https:\/\/diseldistribuidora.com.br\/index.php?rest_route=%2Fwp%2Fv2%2Fproduct_brand&post=359"},{"taxonomy":"product_cat","embeddable":true,"href":"https:\/\/diseldistribuidora.com.br\/index.php?rest_route=%2Fwp%2Fv2%2Fproduct_cat&post=359"},{"taxonomy":"product_tag","embeddable":true,"href":"https:\/\/diseldistribuidora.com.br\/index.php?rest_route=%2Fwp%2Fv2%2Fproduct_tag&post=359"}],"curies":[{"name":"wp","href":"https:\/\/api.w.org\/{rel}","templated":true}]}}